 + (23 - 21) + 52 + -21.
-60
What is the value of 4 + (0 - -10) + -55 + 1 + 24?
-16
Calculate -2 - 1 - (-1 + 48 + (333 - 474)).
91
(0 - -1) + 8 - (92 - 210 - -183)
-56
What is the value of -374 + 329 - (3 - -3) - (-6 - -1)?
-46
Evaluate 93 + (3 - 21) - (17 + -1 + -13 + 7).
65
Calculate (0 - 2) + -5 + (-9 - -15) + -43.
-44
Calculate -92 + -12 + (-15 + -19 - -33) + 1 + 0.
-104
Evaluate (0 - -3) + (-5 + 10 - 2) - (-1724 - -1750).
-20
Calculate -43 - 2 - (984 - 1065).
36
What is -3 + 1 + 1 + 8 + (-194 + -155 - -309)?
-33
Evaluate (-4 - -45 - -4) + 2 + -2 + (-124 - -115).
36
(234 - (115 + 5)) + 0 + -19
95
Calculate (5 + -20 - 14) + (-21 - -12 - 7).
-45
Evaluate 12 + -1 + 8 + (327 - 332) + 9.
23
Calculate -2 + (3 - (21 - 9)) - (0 - 28).
17
What is the value of -149 - (-6 - 98) - (3 - 1)?
-47
What is (-42 - -21) + 72 - (-9 - -35)?
25
What is the value of 0 + -31 + 62 + 28 + 2?
61
What is 1104 + -1093 + (3 - 4 - -36)?
46
-2 + 0 + 1 - (-27 + -19 + 53)
-8
2 + -13 - -3 - (-1 + -2)
-5
Calculate (58 + -18 - 148) + 58.
-50
What is 6 - 2 - (86 + -78) - -4?
0
Evaluate 72 - (104 + -172 + 59).
81
What is the value of -44 + (-45 - -22) - (40 - 8)?
-99
(-23 - (-8 - 17)) + -9 + 18
11
What is (2 - 103) + (-36 - (-27 + (-38 - -18)))?
-90
What is the value of -128 + 108 - 37 - (-2 + 0 + -7)?
-48
What is -30 - (35 + (-185 + 20 - 21))?
121
Calculate 75 + 169 + -134 - (3 - 1).
108
Evaluate 63 - 80 - (29 - 11).
-35
Evaluate -78 + 38 + 7 - 7.
-40
Evaluate 27 - -7 - (-6 - (6 + -19)).
27
115 + (-68 - (156 + -55))
-54
What is the value of 14 + -2 + -12 + 5 - 4 - (-66 + 134)?
-67
Calculate (6 - (6 - 13)) + (11 - 30) + 23.
17
Calculate (1 - 41 - (857 + -884)) + -30 + -2.
-45
What is 124 + -45 + -2 + -137?
-60
Evaluate -11 - 15 - (1 - (-19 + 20) - -7).
-33
-29 - (21 - (-26 + 7 + 46))
-23
Evaluate 7 + -10 + -1 + 54 + (19 - (-13 + 40)).
42
(-8 - -2) + (35 - (28 + 22))
-21
What is (-1 - 3) + 3 + (617 - 494) + 4 + -4?
122
What is 37 + (-15 + -3 - 12)?
7
Calculate 103 + 0 - (192 + -151 - 4).
66
-18 + -1 + -236 + 260 - (2 + -3 - 6)
12
Calculate 62 + -26 + -60 - 7.
-31
Evaluate 62 - (-41 - (7 + -53)).
57
What is the value of 1592 + -1626 - (0 - 31)?
-3
Calculate 9 + 5 - ((-133 + -11 - -10) + (0 - -11)).
137
(-1 - 12) + 250 + -240 - -39
36
Evaluate 3 + 18 + -4 - (60 + -98 + 123).
-68
What is the value of 38 - (39 + -30 - -15) - -70?
84
Calculate (-1 - 40) + (-3503 - -3523).
-21
Calculate (73 - (-45 + 43)) + -147.
-72
(17 - -4) + -86 - (7 + -7 + -4 + 4)
-65
What is (3 - (0 - -50)) + (11 - (-14 + 21))?
-43
Evaluate (38 - (-7 + -3)) + -1 + (6 - 2).
51
-100 + -25 + 261 - 50
86
Calculate 78 + -1 - (-3822 + 3779).
120
What is -722 - -664 - (1 + -45)?
-14
52 + 26 + 3 + 12 + -5 + (8 - 4)
92
Calculate 44 - (6 + -14 + 7) - (4 - (-1 + 6)).
46
What is the value of -52 + 44 + 12 - -35?
39
Evaluate -83 + -1 - (385 - 513).
44
What is the value of (16 - 8 - 11) + 1 + -88 - (-143 + 127)?
-74
Calculate -7 + (-1 - -8 - (-145 - -161)) + -25 + 2.
-39
(4 - 8) + 4 + 1 - (-23 + 30)
-6
Calculate (168 - 173) + -43 + 1 - 5.
-52
What is -1 - -91 - (-16 - (-26 - -40) - -28)?
92
Calculate -1 + (2 - 3) - -10 - (-60 + 3 + 61).
4
Evaluate -3312 + 3343 + (1 - 3).
29
Calculate -8 + 0 - ((-37 - -56) + 3 + 13) - -4.
-39
What is 1 + -19 - (11 - (34 + -41))?
-36
Evaluate -1743 + 1680 + (-26 - -1 - -2).
-86
What is the value of (5 - 0 - 4) + -12 - (8 - (-13 + 49))?
17
-25 - -20 - (-6 + (1 - -6))
-6
-15 + 3 + (24 - 64 - -38) + 105
91
Calculate -81 - (26 + -119 + 13).
-1
Calculate 27 + -4 + -3 + (-3 - 19) + -9 + 30.
19
Evaluate 3 - (72 - 84) - 85.
-70
((-1 - 1) + -4 - (-78 + -30 + -37)) + -6
133
41 - 1 - (26 - ((-30 - -111) + -61))
34
(-34 - -58) + -84 + 9 + -2
-53
(6 - 56) + -14 - -37
-27
(11 - -8) + (24 - 52) + 2 + 23
16
What is 0 + 34 - (-980 + 990)?
24
What is -45 + (-106 - (-334 + 80))?
103
What is the value of (5 + -26 - 4) + 100 + -113?
-38
-144 + 1 - (15877 + -15948)
-72
What is (9 - 9) + 14 + -6 + -22 + -6?
-20
What is -15 + (24 - 2) + (-25 - (-26 - -8)) - 113?
-113
Calculate -26 - -20 - 2 - 11 - -56.
37
What is (-10 - 2) + (10 - -1) + -46 - -10?
-37
(1 - 14) + (43 - (-41 + 54)) - 69
-52
Calculate (-2 - (-65 + (0 - 2))) + (-20 - 241) + 252.
56
-1 - -10 - (-716 - -695)
30
(-16 - -18 - -48) + -86
-36
What is 1 + -12 + 3 + (49 - 8) + -13?
20
What is -12 + 2 + 1 + -42 - (-3 - -1)?
-49
Calculate -23 - -43 - ((44 - 53) + 0 + 0 - -20).
9
-14 + -1 - (106 + -168) - (1 + 1)
45
Evaluate (-29 - 1) + (0 - (-2 + -17)) - -44.
33
Evaluate (0 - (12 - 14)) + -59 - -5.
-52
What is the value of -2 + -43 + 0 + -11 + (-2 + -11 - -25)?
-44
Calculate (-1 - -126 - 154) + (-1 - -3).
-27
111 + (9 - 9 - (-17 - -30 - 23))
121
Evaluate -48 - ((3 - 10) + 3) - (-934 + 946).
-56
What is -18 - (-45 + 79) - 0?
-52
What is 28 - (0 - ((-10 - -16) + -18))?
16
What is -10 + (19 - (1 + 0)) + (-2303 - -2436)?
141
What is the value of (56 - -85) + -18 - 200?
-77
Calculate -11 + -1 + (3 - -7) + -6 - (0 + -35).
27
What is the value of (-9 - -25) + -16 + 29 + -35?
-6
What is -55 + (151 - -29) - 49?
76
What is 12 - -9 - ((-109 - -116) + (0 - -1))?
13
Calculate 9 + 4 + -5 + -9 + (12 - 0) + -3.
8
Calculate -53 - -4 - -46 - 44.
-47
24 - (-2 + -9 - (13 + -13))
35
Calculate 25 + -63 + -9 + 6.
-41
Calculate (23 - (14 + (-25 - -8))) + -6.
20
(-21 - (-5 + -16 - 26)) + 21
47
What is 105 - (-1 + -20 + -2 + 3 + -1)?
126
Calculate -15 + 5 + -2 + -14 + 13.
-13
What is (-5 - -2) + 8 + -4 + -116 + 121?
6
(318 - 211 - 87) + (-1 - (-1 - 81))
101
Evaluate (-1 + 12 - 6) + -24 + (72 - 23).
30
-43 - (-73 - (-17 - 23)) - (-3 - -74)
-81
(0 - 4) + (1335 - 1351)
-20
Evaluate -30 + 65 + -43 + (10 - 1) - -32.
33
What is 34 + 0 + -8156 + 8188?
66
What is 3 - (3 + 4) - (-56 + (-16 - -17) - -19)?
32
What is 9 + -8 + 5 + 76 - (-28 - -16)?
94
What is the value of 12 - (8 + 4 - (57 + 0 + -16))?
41
What is the value of (25 - 40) + 15 + -4 + 3 - 0?
-1
Evaluate -155 + 166 + 16 + 0 + 0 + (1 - -6).
34
What is -67 + (-42 - -29 - -38) + 17?
-25
What is the value of -6 - ((11 - 30) + (-8 - -59))?
-38
What is 30 - (-2 + -6 + (92 - 26))?
-28
What is the value of 61 - 61 - (58 + -4)?
-54
Evaluate (7 - 5) + 36 - (25 - -23 - 54).
44
Calculate (31 - (8 - 12)) + -5 - (11 + -18).
37
What is the value of -60 - (-449 + 458 + (-2 + -2 - -1))?
-66
What is the value of 73 + ((-18 - (-3 - -15)) + 20 - (-24 - -4))?
83
407 - 457 - (9 - 24)
-35
What is -90 - 1 - (326 - 368)?
-49
What is (-8 - 0) + 5 + -3 - -3?
-3
Calculate 19 + (-2679 - -2684) + 7 + -1 + 1.
31
Evaluate -26 - (-7 + 19 + -16) - -13.
-9
What is (-10 + (9 - 16) - -10) + 19 + 11?
23
Evaluate (-18 - -10) + (16 - (24 - 37)).
21
What is -76 - -62 - (140 + -69)?
-85
What is -3 - (-3 - -13 - (-89 - -93))?
-9
Calculate -64 - (23 - 84) - 68.
-71
Evaluate 50 - (43 - 11) - -27.
45
Evaluate -1 + 37 - (-18 - (-9 - -3) - (3 + -17)).
34
What is 42 + -14 + (18 - 6 - -16) - (-3 - -1)?
58
What is the value of 820 - 865 - (0 + -86)?
41
What is -1 + -14 - (1625 + -1650)?
10
299 + -32 + (-262 - -126)
131
Calculate 64 - (-64 + 163 + -2).
-33
(-21 - -21) + (7 - 9) + 8 - 16
-10
Calculate -40 + (156 - 37) - 48.
31
-39 + 5 + -20 + (-5 - (-18 - 24))
-17
13 + -10 + (-62 - -43)
-16
-92 - -61 - (-3 + 15 + -6)
-37
What is 12 - (18 - -71) - 10?
-87
128 - (-10 + -3 + -8 + (56 - 14))
107
-5683 + 5606 - (-1 + -114)
38
Evaluate (-2 - 0 - -11) + -17 - (22 + -22).
-8
What is the value of 22 + -4 + -29 - -14 - 42?
-39
Evaluate (23 - (12 + -3) - (19 + (5 - -5))) + -59.
-74
Calculate 50 + -86 + 57 + 89.
110
Evaluate 12 + 13 + (-4 - -9).
30
What is (-11 - -78) + (-554 - -437)?
-50
40 + (-4 - (-29 + 41)) - 41
-17
Calculate 49 - ((-71 - -32) + 46).
42
Calculate (-11 - 1 - -5) + 5 + (47 + -20 - -87).
112
What is (-56 - -69) + 2 + -1 + 3 + -85?
-68
Calculate -16 + 10 + 15 + (-27 - -16) - 58.
-60
What is (-14 - 6 - -8) + 10 - -6?
4
What is -2 - ((1 + -6 - (2 - (13 + -27))) + 1)?
18
4 + 7 - 59 - 4
-52
Calculate 146 - 7 - (661 - 567).
45
What is 325 - 288 - (-25 + 2)?
60
What is the value of (75 - (-12 - -22)) + (-3 - (-5 - -16))?
51
56 - ((-14 - 19) + 41)
48
What is 16 + (-35 - (45 - 93)) + 8 + -1?
36
Evaluate -8 + (15 - 34) + 3 + 16.
-8
Evaluate 48 - (5 + -37 - -21).
59
What is the value of (-46 - -7) + 52 - (3 - -1)?
9
(12 - -3) + (5 - (-12 - -3 - 21))
50
What is the value of 4 - (-2 + -1 + 3 - (